s divided by 242?
241
Calculate the remainder when 2560 is divided by 512.
0
What is the remainder when 30368 is divided by 405?
398
What is the remainder when 52 is divided by 8?
4
What is the remainder when 11088 is divided by 11071?
17
What is the remainder when 6378 is divided by 155?
23
What is the remainder when 958 is divided by 465?
28
Calculate the remainder when 2950 is divided by 2643.
307
What is the remainder when 71252 is divided by 7916?
8
Calculate the remainder when 3400 is divided by 124.
52
What is the remainder when 17251 is divided by 5698?
157
What is the remainder when 4353 is divided by 2122?
109
What is the remainder when 99496 is divided by 161?
159
Calculate the remainder when 29881 is divided by 70.
61
What is the remainder when 194520 is divided by 194510?
10
What is the remainder when 31354 is divided by 121?
15
Calculate the remainder when 56370 is divided by 28179.
12
Calculate the remainder when 233 is divided by 18.
17
Calculate the remainder when 45537 is divided by 31.
29
What is the remainder when 270962 is divided by 119?
118
Calculate the remainder when 77277 is divided by 966.
963
What is the remainder when 43274 is divided by 3932?
22
Calculate the remainder when 49860 is divided by 542.
538
What is the remainder when 3944 is divided by 94?
90
What is the remainder when 184175 is divided by 29?
25
What is the remainder when 1306 is divided by 108?
10
What is the remainder when 4962537 is divided by 493?
492
What is the remainder when 8060 is divided by 85?
70
Calculate the remainder when 62304 is divided by 725.
679
Calculate the remainder when 56024 is divided by 57.
50
What is the remainder when 1086 is divided by 359?
9
What is the remainder when 3315 is divided by 520?
195
What is the remainder when 2422 is divided by 869?
684
Calculate the remainder when 15386 is divided by 223.
222
What is the remainder when 72511 is divided by 72503?
8
Calculate the remainder when 3778 is divided by 3.
1
Calculate the remainder when 61990 is divided by 131.
27
Calculate the remainder when 10490 is divided by 37.
19
Calculate the remainder when 5238 is divided by 2509.
220
Calculate the remainder when 1776 is divided by 85.
76
Calculate the remainder when 213334 is divided by 9274.
32
Calculate the remainder when 14183 is divided by 2836.
3
What is the remainder when 6575708 is divided by 143?
139
Calculate the remainder when 23210 is divided by 146.
142
Calculate the remainder when 887 is divided by 6.
5
Calculate the remainder when 21595 is divided by 22.
13
What is the remainder when 10143 is divided by 1443?
42
Calculate the remainder when 282762 is divided by 129.
123
What is the remainder when 16656 is divided by 273?
3
Calculate the remainder when 302789 is divided by 56.
53
Calculate the remainder when 422277 is divided by 1224.
1221
What is the remainder when 88671 is divided by 359?
357
Calculate the remainder when 43817 is divided by 10.
7
Calculate the remainder when 3128 is divided by 331.
149
What is the remainder when 10035 is divided by 783?
639
What is the remainder when 1164 is divided by 43?
3
Calculate the remainder when 50578 is divided by 569.
506
Calculate the remainder when 131173 is divided by 33.
31
What is the remainder when 4385 is divided by 26?
17
Calculate the remainder when 104479 is divided by 238.
235
Calculate the remainder when 310767 is divided by 135.
132
What is the remainder when 15224 is divided by 127?
111
Calculate the remainder when 30976 is divided by 1468.
148
Calculate the remainder when 16366 is divided by 952.
182
Calculate the remainder when 26600 is divided by 313.
308
Calculate the remainder when 3325747 is divided by 21.
19
What is the remainder when 1108 is divided by 1051?
57
What is the remainder when 2888 is divided by 2869?
19
What is the remainder when 536 is divided by 31?
9
What is the remainder when 3666 is divided by 160?
146
Calculate the remainder when 95469 is divided by 208.
205
What is the remainder when 96910 is divided by 923?
918
What is the remainder when 1572 is divided by 65?
12
Calculate the remainder when 1982 is divided by 73.
11
Calculate the remainder when 41980 is divided by 46.
28
What is the remainder when 11742 is divided by 34?
12
What is the remainder when 392690 is divided by 132?
122
Calculate the remainder when 14534 is divided by 57.
56
What is the remainder when 2756 is divided by 207?
65
What is the remainder when 10923 is divided by 390?
3
Calculate the remainder when 3144 is divided by 652.
536
Calculate the remainder when 14307 is divided by 411.
333
What is the remainder when 4514 is divided by 2255?
4
What is the remainder when 5577 is divided by 293?
10
What is the remainder when 731 is divided by 693?
38
What is the remainder when 101987 is divided by 1291?
1289
Calculate the remainder when 11673 is divided by 307.
7
What is the remainder when 1948 is divided by 39?
37
Calculate the remainder when 43650 is divided by 14549.
3
What is the remainder when 4544 is divided by 1577?
1390
Calculate the remainder when 2705 is divided by 541.
0
What is the remainder when 3505 is divided by 698?
15
Calculate the remainder when 14758 is divided by 150.
58
Calculate the remainder when 17830 is divided by 12.
10
What is the remainder when 61951 is divided by 321?
319
What is the remainder when 39067 is divided by 444?
439
What is the remainder when 324508 is divided by 1717?
1712
Calculate the remainder when 787 is divided by 745.
42
Calculate the remainder when 4808 is divided by 108.
56
Calculate the remainder when 11523 is divided by 11515.
8
What is the remainder when 130134 is divided by 1343?
1206
Calculate the remainder when 5213 is divided by 158.
157
What is the remainder when 3768 is divided by 628?
0
What is the remainder when 255 is divided by 254?
1
Calculate the remainder when 151876 is divided by 5062.
16
Calculate the remainder when 6391 is divided by 78.
73
Calculate the remainder when 1681 is divided by 8.
1
What is the remainder when 1247111 is divided by 1041?
1034
What is the remainder when 2446 is divided by 1184?
78
Calculate the remainder when 21037 is divided by 1174.
1079
Calculate the remainder when 25876 is divided by 59.
34
Calculate the remainder when 23525 is divided by 253.
249
What is the remainder when 68425 is divided by 134?
85
Calculate the remainder when 159374 is divided by 1092.
1034
Calculate the remainder when 42371 is divided by 14004.
359
Calculate the remainder when 1358 is divided by 629.
100
What is the remainder when 60683 is divided by 370?
3
What is the remainder when 11987 is divided by 3952?
131
Calculate the remainder when 2346 is divided by 21.
15
What is the remainder when 14123 is divided by 3451?
319
What is the remainder when 14858 is divided by 826?
816
Calculate the remainder when 952 is divided by 574.
378
What is the remainder when 779126 is divided by 51?
50
Calculate the remainder when 186895 is divided by 10382.
19
Calculate the remainder when 16004 is divided by 838.
82
What is the remainder when 539 is divided by 49?
0
Calculate the remainder when 10056 is divided by 5010.
36
What is the remainder when 1829 is divided by 844?
141
What is the remainder when 3192 is divided by 213?
210
What is the remainder when 634020 is divided by 317006?
8
Calculate the remainder when 54243 is divided by 17979.
306
Calculate the remainder when 815 is divided by 412.
403
Calculate the remainder when 27674 is divided by 13815.
44
Calculate the remainder when 784 is divided by 298.
188
Calculate the remainder when 377640 is divided by 28.
4
Calculate the remainder when 4925 is divided by 34.
29
Calculate the remainder when 1866 is divided by 4.
2
Calculate the remainder when 58085 is divided by 167.
136
What is the remainder when 4011 is divided by 571?
14
Calculate the remainder when 295 is divided by 199.
96
What is the remainder when 37483 is divided by 12493?
4
Calculate the remainder when 781773 is divided by 16.
13
Calculate the remainder when 4188199 is divided by 131.
129
Calculate the remainder when 806 is divided by 782.
24
Calculate the remainder when 20550 is divided by 137.
0
Calculate the remainder when 210232 is divided by 13139.
8
What is the remainder when 48915